2*j**2 - 5*j - 4. Calculate v(5).
46
Let y(j) = j + 6. Give y(-8).
-2
Let p(d) = -27*d + 108. Give p(4).
0
Let m(j) = j**2 + 11*j + 30. Determine m(-7).
2
Let v(j) = 9*j + 26. Determine v(-2).
8
Let h(t) = 2*t**2 + 5*t - 26. Determine h(4).
26
Let n(x) = -x**3 + 4*x. Determine n(2).
0
Let c(m) = -57*m + 4. Give c(1).
-53
Let f(b) = -5*b**2 - 4*b - 5. What is f(-4)?
-69
Let y(o) = -o**3 + 12*o**2 - 11*o - 2. Calculate y(11).
-2
Let x(n) = -12*n**3 - 8*n + 10. Give x(1).
-10
Let d(m) = m**3 + 24*m**2 + 22*m - 52. Determine d(-23).
-29
Let l(o) = -o**3 + 6*o**2 + 9*o - 6. Determine l(6).
48
Let i(v) = v**3 + 6*v**2 - 15*v + 2. Calculate i(-8).
-6
Let p(v) = -v**3 + 5*v**2 + 4*v + 1. Calculate p(-2).
21
Let u(n) = -n**3 + 5*n**2 + 16*n - 3. Give u(7).
11
Let t(q) = 6*q - 1. What is t(-1)?
-7
Let f(s) = -2*s**2 + 3*s + 6. Calculate f(3).
-3
Let h(y) = 14*y + 20. Give h(5).
90
Let i(r) = -2*r + 9. Determine i(4).
1
Let v(z) = z**3 + 11*z**2 + 15. What is v(-11)?
15
Let q(k) = -3*k**2 + 13*k + 23. Determine q(7).
-33
Let m(i) = i**2 + i - 46. What is m(0)?
-46
Let v(h) = -10*h + 2. Calculate v(-13).
132
Let f(w) = w**3 + 15*w**2 + 16*w + 21. Determine f(-14).
-7
Let d(n) = n**3 + 14*n**2 + 11*n - 21. Calculate d(-13).
5
Let q(d) = -2*d + 9. Calculate q(3).
3
Let c(x) = 8*x - 5. Determine c(4).
27
Let s(t) = -t**2 - 6*t + 5. Calculate s(-8).
-11
Let d(a) = -2*a**3 - 5*a**2 - 3*a - 2. Give d(-3).
16
Let d(s) = 2*s + 14. Determine d(-10).
-6
Let g(t) = t**3 + t - 15. Determine g(0).
-15
Let x(l) = -2*l - 1. Give x(-4).
7
Let x(c) = -c**3 + 22*c**2 - c + 28. Give x(22).
6
Let b(m) = 13*m**2 + 1. Determine b(-1).
14
Let z(k) = k**2 - 5*k + 17. Give z(4).
13
Let m(h) = -h**2 - 23*h + 40. Give m(-24).
16
Let w(j) = 117*j + 1. What is w(1)?
118
Let r(g) = -g**2 - 2*g + 434. Determine r(20).
-6
Let o(d) = -2*d**2 + 34*d + 1. Calculate o(17).
1
Let u(n) = -n**3 - 25*n**2 + n + 5. What is u(-25)?
-20
Let l(r) = -r**3 + 19*r**2 - 32*r - 28. What is l(17)?
6
Let u(m) = m**3 + 8*m**2 + 6*m - 13. Calculate u(-7).
-6
Let f(d) = d**3 - 14*d**2 + d - 1. Give f(14).
13
Let o(p) = 2*p**2 + 28*p + 18. Calculate o(-13).
-8
Let i(v) = -4*v + 7. Give i(0).
7
Let f(t) = -2*t**3 - 28*t**2 - 28*t - 11. Give f(-13).
15
Let b(t) = 10*t + 26. Calculate b(-12).
-94
Let s(n) = n**2 - 9*n - 5. Determine s(10).
5
Let t(h) = -5*h - 17. What is t(-6)?
13
Let k(x) = 6*x + 7. Calculate k(-6).
-29
Let p(u) = -u**3 + 10*u**2 + 14*u - 29. What is p(11)?
4
Let s(z) = -9*z - 32. Give s(-4).
4
Let s(d) = -6*d**2 - 4*d - 3. Calculate s(-2).
-19
Let n(x) = 4*x - 97. What is n(23)?
-5
Let f(m) = -6*m**2 - m - 1. Determine f(4).
-101
Let h(l) = l - 45. Determine h(51).
6
Let g(v) = v**2 - 34*v - 200. Determine g(-5).
-5
Let i(b) = -2*b - 20. Calculate i(-14).
8
Let o(x) = 4*x**3 - x**2 - 4*x - 16. Give o(-3).
-121
Let n(u) = -u - 43. Determine n(0).
-43
Let q(c) = c**2 + 7*c + 4. Give q(-8).
12
Let b(z) = -2*z**3 + 2*z**2 + z - 1. Give b(-1).
2
Let y(d) = -7*d - 29. Determine y(-4).
-1
Let g(s) = 5*s**2 - 2*s - 3. Calculate g(-2).
21
Let t(c) = -10*c - 1. Calculate t(3).
-31
Let v(p) = -p**2 - 13*p - 17. Give v(-12).
-5
Let a(t) = -t**3 - 7*t**2 + 3*t + 17. What is a(-7)?
-4
Let a(l) = -84*l**2 + l + 1. Calculate a(1).
-82
Let t(a) = a**2 - 4*a - 11. Give t(6).
1
Let m(o) = o - 3. Give m(-1).
-4
Let j(q) = q**3 - 5*q**2 - 3*q - 7. Give j(6).
11
Let m(d) = -d**3 + 8*d**2 - 20*d + 16. Calculate m(6).
-32
Let j(z) = 3*z + 51. Calculate j(-20).
-9
Let s(v) = -9*v - 4. Determine s(-2).
14
Let g(d) = -d**2 - 7*d + 11. What is g(-8)?
3
Let u(m) = -26*m - 1. What is u(1)?
-27
Let f(h) = 4*h + 31. Calculate f(-16).
-33
Let m(c) = -c**3 + 18*c**2 - 18*c + 17. Determine m(17).
0
Let x(l) = -103*l - 5. Determine x(0).
-5
Let c(o) = -o**2 + 2*o. What is c(3)?
-3
Let l(v) = -v**3 - 6*v**2 - v - 15. Give l(-6).
-9
Let g(z) = 7*z - 4. Give g(-1).
-11
Let j(c) = 36*c - 4. Determine j(2).
68
Let j(o) = -15*o - 13. Determine j(-4).
47
Let r(v) = -v**3 - 9*v**2 - 14*v + 7. Calculate r(-6).
-17
Let m(y) = y**3 - y**2 - 23*y + 17. Calculate m(5).
2
Let z(o) = o**3 - 21*o**2 + 37*o - 2. Calculate z(19).
-21
Let m(g) = 142*g - 3. Determine m(0).
-3
Let m(g) = -g**3 - 8*g**2 + 103*g - 35. Calculate m(-15).
-5
Let a(t) = 11*t + 43. Determine a(-4).
-1
Let g(p) = -10*p**2 + 9*p + 10. What is g(4)?
-114
Let q(u) = -12*u**2 - 3*u + 5. Calculate q(2).
-49
Let h(z) = -22*z**2 + 3*z + 2. Calculate h(-2).
-92
Let x(h) = -24*h**3 - 4*h**2 + 3*h + 6. Give x(-1).
23
Let q(z) = z**3 + 11*z**2 + 5*z + 46. Determine q(-11).
-9
Let v(k) = -k**2 + 10*k + 10. What is v(12)?
-14
Let o(s) = 25*s + 82. Give o(-6).
-68
Let x(q) = -34*q - 14. Calculate x(0).
-14
Let a(y) = y**3 - 31*y**2 - 2*y + 92. Calculate a(31).
30
Let x(a) = a**2 - 13*a + 7. Determine x(11).
-15
Let o(z) = 7*z + 4. Determine o(-2).
-10
Let j(p) = 9*p - 4. Determine j(-6).
-58
Let a(k) = -3*k**2 - 20*k - 40. Give a(-2).
-12
Let u(j) = -15*j**2 + j - 1. What is u(1)?
-15
Let k(f) = -35*f + 1. Calculate k(-1).
36
Let o(a) = 7*a**3 + a**2 - 2*a. What is o(1)?
6
Let m(h) = 2*h**3 - 4*h**2 + h + 1. What is m(3)?
22
Let d(k) = -k**2 + 11*k - 20. What is d(8)?
4
Let v(s) = -31*s - 465. Calculate v(-15).
0
Let j(u) = -u**3 - 6*u**2 - 2. Determine j(-5).
-27
Let m(b) = b**3 - 10*b**2 - 6*b + 13. Give m(11).
68
Let x(h) = -h**2 - 13*h + 12. Give x(4).
-56
Let u(t) = t**3 + 9*t**2 - 5*t - 1. Calculate u(-9).
44
Let j(l) = l**3 + 10*l**2 - l - 9. Determine j(-10).
1
Let s(q) = 56*q**2 - q + 1. Give s(1).
56
Let o(v) = -v**3 + v**2 - v - 20. Determine o(0).
-20
Let g(f) = -f**2 - 54*f - 365. Give g(-8).
3
Let u(g) = g**2 + 10*g + 9. Give u(-9).
0
Let h(a) = -a**3 + 21*a**2 + a - 14. Give h(21).
7
Let t(r) = r + 5. What is t(-6)?
-1
Let b(s) = -s**2 - 2*s + 17. Give b(-5).
2
Let r(v) = -v**3 + 13*v**2 - v - 19. What is r(13)?
-32
Let s(x) = -x + 44. What is s(30)?
14
Let h(x) = x**3 - 12*x**2 - 3*x + 17. Calculate h(12).
-19
Let c(a) = a**3 - 23*a**2 + 20*a + 32. Calculate c(22).
-12
Let u(q) = q**3 + 3*q**2 + q - 2. Give u(-2).
0
Let d(p) = p**3 + 29*p**2 + 25*p - 43. What is d(-28)?
41
Let u(t) = -t**3 + 2*t**2 + t + 4. What is u(5)?
-66
Let n(k) = -k**2 + k + 3. Calculate n(0).
3
Let o(w) = -2*w**3 - 2*w**2 + 6*w + 2. What is o(3)?
-52
Let b(v) = -v**2 + 3*v + 9. What is b(0)?
9
Let l(c) = 110*c - 1314. Determine l(12).
6
Let z(k) = 3*k - 137. What is z(49)?
10
Let v(f) = -f**2 - 29*f - 115. Determine v(-24).
5
Let f(k) = 16*k + 44. Determine f(-3).
-4
Let r(s) = -14*s + 8. Determine r(1).
-6
Let n(m) = 71*m - 13. What is n(-2)?
-155
Let p(x) = x**3 + 9*x**2 - 2*x - 27. Give p(-8).
53
Let u(m) = -4*m + 6. Determine u(3).
-6
Let l(b) = 7*b + 78. Calculate l(-12).
-6
Let o(v) = -v**3 - 4*v**2 - 3*v + 14. Give o(0).
14
Let m(j) = -17*j**2 - j. Calculate m(-1).
-16
Let w(v) = v**2 + 24*v + 38. Determine w(-23).
15
Let g(j) = -2*j**2 + 13*j - 16. Calculate g(5).
-1
Let r(f) = -f**3 - 6*f**2 + 2*f - 10. What is r(-6)?
-22
Let x(z) = z**3 + 6*z**2 + 10*z + 13. What is x(-3)?
10
Let z(d) = -d**2 - 5*d + 15. Determine z(-11).
-51
Let a(d) = -3*d + 40. Determine a(16).
-8
Let z(k) = 6*k**3 - k**2 - 3*k + 3. Calculate z(2).
41
Let r(b) = -b**3 - 8*b**2 + 10*b - 4. Give r(-9).
-13
Let j(h) = 2*h**2 - 19*h - 35. What is j(-2)?
11
Let t(z) = -9*z - 14. What is t(-2)?
4
Let y(h) = -h - 6. Calculate y(-5).
-1
Let u(g) = -2*g**3 + 36*g**2 - 2. Determine u(18).
-2
Let d(v) = -v**3 + 12*v**2 - 13*v + 26. What is d(11)?
4
Let q(l) = -l**3 + 7*l**2 + 24*l - 181. Determine q(6).
-1
Let y(r) = 114*r + 921. Give y(-8).
9
Let b(i) = 3*i**2 + 29*i + 24. Calculate b(-9).
6
Let u(i) = i**3 - 4*i**2 - 35*i + 27. Determine u(8).
3
Let k(o) = 3*o - 67. Calculate k(22).
-1
Let c(u) = -38*u + 65. Determine c(2).
-11
Let g(f) = 44*f**2. What is g(1)?
44
Let f(a) = a - 3. Give f(2).
-1
Let z(w) = w**2 + 8*w - 27. What is z(3)?
6
Let m(o) = o**3 + 3*o**2 + o + 1. Give m(-2).
3
Let x(v) = -8*v - 25. What is x(-12)?
71
Let g(n) = -11*n + 13. Determine g(2).
-9
Let g(a) = -a**2 - 9*a - 14. What is g(-6)?
4
Let v(q) = 3*q**3 - 60*q**2 + 2. Calculate v(20).
2
Let k(g) = -g**3 + 7*g**2 + 7*g + 10. What is k(8)?
2
Let t(l) = l**3 - 17*l**2 - 4. Determine t(17).
-4
Let x(y) = y - 1. Calculate x(15).
14
Let r(y) = -y**3 - 